{"id":74,"date":"2016-08-05T20:37:35","date_gmt":"2016-08-05T18:37:35","guid":{"rendered":"http:\/\/www.weendervolleys.de\/WeenderVolleys\/50JWV\/?page_id=74"},"modified":"2017-09-11T11:54:29","modified_gmt":"2017-09-11T09:54:29","slug":"50-jahre-weender-volleys","status":"publish","type":"page","link":"http:\/\/www.weendervolleys.de\/WeenderVolleys\/50JWV\/","title":{"rendered":"50 Jahre Weender Volleys"},"content":{"rendered":"<div id=\"pl-74\"  class=\"panel-layout\" ><div id=\"pg-74-0\"  class=\"panel-grid panel-no-style\" ><div id=\"pgc-74-0-0\"  class=\"panel-grid-cell\" ><div id=\"panel-74-0-0-0\" class=\"so-panel widget widget_sow-editor panel-first-child\" data-index=\"0\" ><div class=\"so-widget-sow-editor so-widget-sow-editor-base\">\n<div class=\"siteorigin-widget-tinymce textwidget\">\n\t<p>Nun ist es also schon wieder vorbei, und sch\u00f6n ist's gewesen!<\/p>\n<p>Die Volleyballabteilung des Tuspo Weende aus G\u00f6ttingen wurde 50 Jahre alt und feierte vom 08. bis 10. September dieses Ereignis.<\/p>\n<p class=\"western\">Wir m\u00f6chten uns noch mal bei Euch allen f\u00fcr Euer Kommen, Eure Gr\u00fc\u00dfe und \u00fcberhaupt f\u00fcr alles bedanken.<\/p>\n<\/div>\n<\/div><\/div><div id=\"panel-74-0-0-1\" class=\"so-panel widget widget_media_image\" data-index=\"1\" ><figure style=\"width: 1280px\" class=\"wp-caption alignnone\"><a href=\"https:\/\/photos.app.goo.gl\/QC4GJbvSvLi1Uugh2\" target=\"_blank\" rel=\"noopener\"><img data-attachment-id=\"291\" data-permalink=\"http:\/\/www.weendervolleys.de\/WeenderVolleys\/50JWV\/50-jahre-weender-volleys\/50jahreweendervolleys-2\/\" data-orig-file=\"http:\/\/www.weendervolleys.de\/WeenderVolleys\/50JWV\/wp-content\/uploads\/50JahreWeenderVolleys-1.jpg\" data-orig-size=\"1280,720\" data-comments-opened=\"0\" data-image-meta=\"{&quot;aperture&quot;:&quot;0&quot;,&quot;credit&quot;:&quot;&quot;,&quot;camera&quot;:&quot;&quot;,&quot;caption&quot;:&quot;&quot;,&quot;created_timestamp&quot;:&quot;0&quot;,&quot;copyright&quot;:&quot;&quot;,&quot;focal_length&quot;:&quot;0&quot;,&quot;iso&quot;:&quot;0&quot;,&quot;shutter_speed&quot;:&quot;0&quot;,&quot;title&quot;:&quot;&quot;,&quot;orientation&quot;:&quot;1&quot;}\" data-image-title=\"50JahreWeenderVolleys\" data-image-description=\"\" data-image-caption=\"\" data-medium-file=\"http:\/\/www.weendervolleys.de\/WeenderVolleys\/50JWV\/wp-content\/uploads\/50JahreWeenderVolleys-1-300x169.jpg\" data-large-file=\"http:\/\/www.weendervolleys.de\/WeenderVolleys\/50JWV\/wp-content\/uploads\/50JahreWeenderVolleys-1-1024x576.jpg\" width=\"1280\" height=\"720\" src=\"http:\/\/www.weendervolleys.de\/WeenderVolleys\/50JWV\/wp-content\/uploads\/50JahreWeenderVolleys-1.jpg\" class=\"image wp-image-291  attachment-full size-full\" alt=\"\" loading=\"lazy\" style=\"max-width: 100%; height: auto;\" srcset=\"http:\/\/www.weendervolleys.de\/WeenderVolleys\/50JWV\/wp-content\/uploads\/50JahreWeenderVolleys-1.jpg 1280w, http:\/\/www.weendervolleys.de\/WeenderVolleys\/50JWV\/wp-content\/uploads\/50JahreWeenderVolleys-1-150x84.jpg 150w, http:\/\/www.weendervolleys.de\/WeenderVolleys\/50JWV\/wp-content\/uploads\/50JahreWeenderVolleys-1-300x169.jpg 300w, http:\/\/www.weendervolleys.de\/WeenderVolleys\/50JWV\/wp-content\/uploads\/50JahreWeenderVolleys-1-1024x576.jpg 1024w, http:\/\/www.weendervolleys.de\/WeenderVolleys\/50JWV\/wp-content\/uploads\/50JahreWeenderVolleys-1-128x72.jpg 128w, http:\/\/www.weendervolleys.de\/WeenderVolleys\/50JWV\/wp-content\/uploads\/50JahreWeenderVolleys-1-32x18.jpg 32w\" sizes=\"(max-width: 1280px) 100vw, 1280px\" data-attachment-id=\"291\" data-permalink=\"http:\/\/www.weendervolleys.de\/WeenderVolleys\/50JWV\/50-jahre-weender-volleys\/50jahreweendervolleys-2\/\" data-orig-file=\"http:\/\/www.weendervolleys.de\/WeenderVolleys\/50JWV\/wp-content\/uploads\/50JahreWeenderVolleys-1.jpg\" data-orig-size=\"1280,720\" data-comments-opened=\"0\" data-image-meta=\"{&quot;aperture&quot;:&quot;0&quot;,&quot;credit&quot;:&quot;&quot;,&quot;camera&quot;:&quot;&quot;,&quot;caption&quot;:&quot;&quot;,&quot;created_timestamp&quot;:&quot;0&quot;,&quot;copyright&quot;:&quot;&quot;,&quot;focal_length&quot;:&quot;0&quot;,&quot;iso&quot;:&quot;0&quot;,&quot;shutter_speed&quot;:&quot;0&quot;,&quot;title&quot;:&quot;&quot;,&quot;orientation&quot;:&quot;1&quot;}\" data-image-title=\"50JahreWeenderVolleys\" data-image-description=\"\" data-image-caption=\"\" data-medium-file=\"http:\/\/www.weendervolleys.de\/WeenderVolleys\/50JWV\/wp-content\/uploads\/50JahreWeenderVolleys-1-300x169.jpg\" data-large-file=\"http:\/\/www.weendervolleys.de\/WeenderVolleys\/50JWV\/wp-content\/uploads\/50JahreWeenderVolleys-1-1024x576.jpg\" \/><\/a><figcaption class=\"wp-caption-text\">Hier findet ihr \u00fcbrigens die gesammelten Bilder von Bernd Gro\u00dfkopf (vielen Dank daf\u00fcr, Bernd!)<\/figcaption><\/figure><\/div><div id=\"panel-74-0-0-2\" class=\"so-panel widget widget_sfp_page_plugin_widget panel-last-child\" data-index=\"2\" ><h3 class=\"widget-title\">Neulich bei Facebook &#8230;<\/h3><div id=\"fb-root\"><\/div>\r\n<script>\r\n\t(function(d){\r\n\t\tvar js, id = 'facebook-jssdk';\r\n\t\tif (d.getElementById(id)) {return;}\r\n\t\tjs = d.createElement('script');\r\n\t\tjs.id = id;\r\n\t\tjs.async = true;\r\n\t\tjs.src = \"\/\/connect.facebook.net\/de_DE\/all.js#xfbml=1\";\r\n\t\td.getElementsByTagName('head')[0].appendChild(js);\r\n\t}(document));\r\n<\/script>\r\n<!-- SFPlugin by topdevs.net -->\r\n<!-- Page Plugin Code START -->\r\n<div class=\"sfp-container\">\r\n\t<div class=\"fb-page\"\r\n\t\tdata-href=\"https:\/\/www.facebook.com\/50JahreWeenderVolleys\/\"\r\n\t\tdata-width=\"500\"\r\n\t\tdata-height=\"600\"\r\n\t\tdata-hide-cover=\"false\"\r\n\t\tdata-show-facepile=\"false\"\r\n\t\tdata-small-header=\"false\"\r\n\t\tdata-tabs=\"timeline\">\r\n\t<\/div>\r\n<\/div>\r\n<!-- Page Plugin Code END --><\/div><\/div><\/div><\/div>","protected":false},"excerpt":{"rendered":"<p>Nun ist es also schon wieder vorbei, und sch\u00f6n ist&#8217;s gewesen! Die Volleyballabteilung des Tuspo Weende aus G\u00f6ttingen wurde 50 Jahre alt und feierte vom 08. bis 10. September dieses Ereignis. Wir m\u00f6chten uns noch mal bei Euch allen f\u00fcr Euer Kommen, Eure Gr\u00fc\u00dfe und \u00fcberhaupt f\u00fcr alles bedanken.<\/p>\n","protected":false},"author":1,"featured_media":0,"parent":0,"menu_order":0,"comment_status":"closed","ping_status":"closed","template":"template-homepage.php","meta":{"spay_email":""},"jetpack_shortlink":"https:\/\/wp.me\/P7uF8M-1c","_links":{"self":[{"href":"http:\/\/www.weendervolleys.de\/WeenderVolleys\/50JWV\/wp-json\/wp\/v2\/pages\/74"}],"collection":[{"href":"http:\/\/www.weendervolleys.de\/WeenderVolleys\/50JWV\/wp-json\/wp\/v2\/pages"}],"about":[{"href":"http:\/\/www.weendervolleys.de\/WeenderVolleys\/50JWV\/wp-json\/wp\/v2\/types\/page"}],"author":[{"embeddable":true,"href":"http:\/\/www.weendervolleys.de\/WeenderVolleys\/50JWV\/wp-json\/wp\/v2\/users\/1"}],"replies":[{"embeddable":true,"href":"http:\/\/www.weendervolleys.de\/WeenderVolleys\/50JWV\/wp-json\/wp\/v2\/comments?post=74"}],"version-history":[{"count":8,"href":"http:\/\/www.weendervolleys.de\/WeenderVolleys\/50JWV\/wp-json\/wp\/v2\/pages\/74\/revisions"}],"predecessor-version":[{"id":293,"href":"http:\/\/www.weendervolleys.de\/WeenderVolleys\/50JWV\/wp-json\/wp\/v2\/pages\/74\/revisions\/293"}],"wp:attachment":[{"href":"http:\/\/www.weendervolleys.de\/WeenderVolleys\/50JWV\/wp-json\/wp\/v2\/media?parent=74"}],"curies":[{"name":"wp","href":"https:\/\/api.w.org\/{rel}","templated":true}]}}

<div id="pl-74"  class="panel-layout" ><div id="pg-74-0"  class="panel-grid panel-no-style" ><div id="pgc-74-0-0"  class="panel-grid-cell" ><div id="panel-74-0-0-0" class="so-panel widget widget_sow-editor panel-first-child" data-index="0" ><div class="so-widget-sow-editor so-widget-sow-editor-base">
<div class="siteorigin-widget-tinymce textwidget">
	<p>Nun ist es also schon wieder vorbei, und schön ist's gewesen!</p>
<p>Die Volleyballabteilung des Tuspo Weende aus Göttingen wurde 50 Jahre alt und feierte vom 08. bis 10. September dieses Ereignis.</p>
<p class="western">Wir möchten uns noch mal bei Euch allen für Euer Kommen, Eure Grüße und überhaupt für alles bedanken.</p>
</div>
</div></div><div id="panel-74-0-0-1" class="so-panel widget widget_media_image" data-index="1" ><figure style="width: 1280px" class="wp-caption alignnone"><a href="https://photos.app.goo.gl/QC4GJbvSvLi1Uugh2" target="_blank" rel="noopener"><img data-attachment-id="291" data-permalink="http://www.weendervolleys.de/WeenderVolleys/50JWV/50-jahre-weender-volleys/50jahreweendervolleys-2/" data-orig-file="http://www.weendervolleys.de/WeenderVolleys/50JWV/wp-content/uploads/50JahreWeenderVolleys-1.jpg" data-orig-size="1280,720" data-comments-opened="0" data-image-meta="{&quot;aperture&quot;:&quot;0&quot;,&quot;credit&quot;:&quot;&quot;,&quot;camera&quot;:&quot;&quot;,&quot;caption&quot;:&quot;&quot;,&quot;created_timestamp&quot;:&quot;0&quot;,&quot;copyright&quot;:&quot;&quot;,&quot;focal_length&quot;:&quot;0&quot;,&quot;iso&quot;:&quot;0&quot;,&quot;shutter_speed&quot;:&quot;0&quot;,&quot;title&quot;:&quot;&quot;,&quot;orientation&quot;:&quot;1&quot;}" data-image-title="50JahreWeenderVolleys" data-image-description="" data-image-caption="" data-medium-file="http://www.weendervolleys.de/WeenderVolleys/50JWV/wp-content/uploads/50JahreWeenderVolleys-1-300x169.jpg" data-large-file="http://www.weendervolleys.de/WeenderVolleys/50JWV/wp-content/uploads/50JahreWeenderVolleys-1-1024x576.jpg" width="1280" height="720" src="http://www.weendervolleys.de/WeenderVolleys/50JWV/wp-content/uploads/50JahreWeenderVolleys-1.jpg" class="image wp-image-291  attachment-full size-full" alt="" loading="lazy" style="max-width: 100%; height: auto;" srcset="http://www.weendervolleys.de/WeenderVolleys/50JWV/wp-content/uploads/50JahreWeenderVolleys-1.jpg 1280w, http://www.weendervolleys.de/WeenderVolleys/50JWV/wp-content/uploads/50JahreWeenderVolleys-1-150x84.jpg 150w, http://www.weendervolleys.de/WeenderVolleys/50JWV/wp-content/uploads/50JahreWeenderVolleys-1-300x169.jpg 300w, http://www.weendervolleys.de/WeenderVolleys/50JWV/wp-content/uploads/50JahreWeenderVolleys-1-1024x576.jpg 1024w, http://www.weendervolleys.de/WeenderVolleys/50JWV/wp-content/uploads/50JahreWeenderVolleys-1-128x72.jpg 128w, http://www.weendervolleys.de/WeenderVolleys/50JWV/wp-content/uploads/50JahreWeenderVolleys-1-32x18.jpg 32w" sizes="(max-width: 1280px) 100vw, 1280px" data-attachment-id="291" data-permalink="http://www.weendervolleys.de/WeenderVolleys/50JWV/50-jahre-weender-volleys/50jahreweendervolleys-2/" data-orig-file="http://www.weendervolleys.de/WeenderVolleys/50JWV/wp-content/uploads/50JahreWeenderVolleys-1.jpg" data-orig-size="1280,720" data-comments-opened="0" data-image-meta="{&quot;aperture&quot;:&quot;0&quot;,&quot;credit&quot;:&quot;&quot;,&quot;camera&quot;:&quot;&quot;,&quot;caption&quot;:&quot;&quot;,&quot;created_timestamp&quot;:&quot;0&quot;,&quot;copyright&quot;:&quot;&quot;,&quot;focal_length&quot;:&quot;0&quot;,&quot;iso&quot;:&quot;0&quot;,&quot;shutter_speed&quot;:&quot;0&quot;,&quot;title&quot;:&quot;&quot;,&quot;orientation&quot;:&quot;1&quot;}" data-image-title="50JahreWeenderVolleys" data-image-description="" data-image-caption="" data-medium-file="http://www.weendervolleys.de/WeenderVolleys/50JWV/wp-content/uploads/50JahreWeenderVolleys-1-300x169.jpg" data-large-file="http://www.weendervolleys.de/WeenderVolleys/50JWV/wp-content/uploads/50JahreWeenderVolleys-1-1024x576.jpg" /></a><figcaption class="wp-caption-text">Hier findet ihr übrigens die gesammelten Bilder von Bernd Großkopf (vielen Dank dafür, Bernd!)</figcaption></figure></div><div id="panel-74-0-0-2" class="so-panel widget widget_sfp_page_plugin_widget panel-last-child" data-index="2" ><h3 class="widget-title">Neulich bei Facebook &#8230;</h3><div id="fb-root"></div>
<script>
	(function(d){
		var js, id = 'facebook-jssdk';
		if (d.getElementById(id)) {return;}
		js = d.createElement('script');
		js.id = id;
		js.async = true;
		js.src = "//connect.facebook.net/de_DE/all.js#xfbml=1";
		d.getElementsByTagName('head')[0].appendChild(js);
	}(document));
</script>
<!-- SFPlugin by topdevs.net -->
<!-- Page Plugin Code START -->
<div class="sfp-container">
	<div class="fb-page"
		data-href="https://www.facebook.com/50JahreWeenderVolleys/"
		data-width="500"
		data-height="600"
		data-hide-cover="false"
		data-show-facepile="false"
		data-small-header="false"
		data-tabs="timeline">
	</div>
</div>
<!-- Page Plugin Code END --></div></div></div></div>

<p>Nun ist es also schon wieder vorbei, und schön ist&#8217;s gewesen! Die Volleyballabteilung des Tuspo Weende aus Göttingen wurde 50 Jahre alt und feierte vom 08. bis 10. September dieses Ereignis. Wir möchten uns noch mal bei Euch allen für Euer Kommen, Eure Grüße und überhaupt für alles bedanken.</p>
